{"id":11,"date":"2024-10-30T18:20:08","date_gmt":"2024-10-30T18:20:08","guid":{"rendered":"https:\/\/tenjacht.pl\/blog\/?page_id=11"},"modified":"2026-03-06T11:20:18","modified_gmt":"2026-03-06T11:20:18","slug":"homepage","status":"publish","type":"page","link":"https:\/\/tenjacht.pl\/blog\/","title":{"rendered":"Homepage"},"content":{"rendered":"\n<figure class=\"wp-block-image size-large\"><img loading=\"lazy\" decoding=\"async\" width=\"1024\" height=\"288\" src=\"https:\/\/tenjacht.pl\/blog\/wp-content\/uploads\/2026\/03\/background-1024x288.png\" alt=\"\" class=\"wp-image-122\" srcset=\"https:\/\/tenjacht.pl\/blog\/wp-content\/uploads\/2026\/03\/background-1024x288.png 1024w, https:\/\/tenjacht.pl\/blog\/wp-content\/uploads\/2026\/03\/background-300x84.png 300w, https:\/\/tenjacht.pl\/blog\/wp-content\/uploads\/2026\/03\/background-768x216.png 768w, https:\/\/tenjacht.pl\/blog\/wp-content\/uploads\/2026\/03\/background-1536x432.png 1536w, https:\/\/tenjacht.pl\/blog\/wp-content\/uploads\/2026\/03\/background.png 1920w\" sizes=\"auto, (max-width: 1024px) 100vw, 1024px\" \/><\/figure>\n\n\n\n<h1 class=\"wp-block-heading has-text-align-center\"><a href=\"https:\/\/tenjacht.pl\/\" data-type=\"link\" data-id=\"https:\/\/\">TenJacht &#8211; wyszukiwarka jacht\u00f3w do czarteru<\/a><\/h1>\n\n\n\n<div style=\"height:70px\" aria-hidden=\"true\" class=\"wp-block-spacer\"><\/div>\n\n\n<section class=\"gb-block-post-grid featuredpost alignwide theme-grid-masonry\"><div class=\"gb-post-grid-items is-grid columns-4\"><article id=\"post-127\" class=\"gb-post-grid-item post-127 post type-post status-publish format-standard has-post-thumbnail category-porady entry\"><div class=\"gb-block-post-grid-image\"><a href=\"https:\/\/tenjacht.pl\/blog\/jachty-8-osobowe-na-mazurach-jak-wybrac-idealna-jednostke-dla-duzej-ekipy\/\" rel=\"bookmark\" aria-hidden=\"true\" tabindex=\"-1\"><img loading=\"lazy\" decoding=\"async\" width=\"150\" height=\"150\" src=\"https:\/\/tenjacht.pl\/blog\/wp-content\/uploads\/2024\/10\/IMG_20210517_065436-150x150.jpg\" class=\"attachment-thumbnail size-thumbnail\" alt=\"\" srcset=\"https:\/\/tenjacht.pl\/blog\/wp-content\/uploads\/2024\/10\/IMG_20210517_065436-150x150.jpg 150w, https:\/\/tenjacht.pl\/blog\/wp-content\/uploads\/2024\/10\/IMG_20210517_065436-600x600.jpg 600w\" sizes=\"auto, (max-width: 150px) 100vw, 150px\" \/><\/a><\/div><div class=\"gb-block-post-grid-text\"><header class=\"gb-block-post-grid-header\"><h2 class=\"gb-block-post-grid-title\"><a href=\"https:\/\/tenjacht.pl\/blog\/jachty-8-osobowe-na-mazurach-jak-wybrac-idealna-jednostke-dla-duzej-ekipy\/\" rel=\"bookmark\">Jachty 8-osobowe na Mazurach \u2013 jak wybra\u0107 idealn\u0105 jednostk\u0119 dla du\u017cej ekipy?<\/a><\/h2><div class=\"gb-block-post-grid-byline\"><\/div><\/header><div class=\"gb-block-post-grid-excerpt\"><p>Planowanie rejsu w 8 os\u00f3b to logistyczne wyzwanie. Kluczem do sukcesu nie jest tylko liczba koi, ale przede wszystkim przestrze\u0144 \u017cyciowa. Na jachcie sp\u0119dzacie razem 24 godziny na dob\u0119 \u2013 warto zadba\u0107 o to, by ka\u017cdy czu\u0142 si\u0119 swobodnie. W tym poradniku podpowiadamy, na co zwr\u00f3ci\u0107 uwag\u0119, wybieraj\u0105c jacht 8-osobowy z floty Tenjacht. 1. Uk\u0142ad&hellip;<\/p>\n<\/div><\/div><\/article>\n<article id=\"post-125\" class=\"gb-post-grid-item post-125 post type-post status-publish format-standard has-post-thumbnail category-porady entry\"><div class=\"gb-block-post-grid-image\"><a href=\"https:\/\/tenjacht.pl\/blog\/liny-na-jachcie-poznaj-olinowanie-od-a-do-z\/\" rel=\"bookmark\" aria-hidden=\"true\" tabindex=\"-1\"><img loading=\"lazy\" decoding=\"async\" width=\"150\" height=\"150\" src=\"https:\/\/tenjacht.pl\/blog\/wp-content\/uploads\/2026\/03\/IMG_7204-150x150.jpeg\" class=\"attachment-thumbnail size-thumbnail\" alt=\"\" srcset=\"https:\/\/tenjacht.pl\/blog\/wp-content\/uploads\/2026\/03\/IMG_7204-150x150.jpeg 150w, https:\/\/tenjacht.pl\/blog\/wp-content\/uploads\/2026\/03\/IMG_7204-600x600.jpeg 600w\" sizes=\"auto, (max-width: 150px) 100vw, 150px\" \/><\/a><\/div><div class=\"gb-block-post-grid-text\"><header class=\"gb-block-post-grid-header\"><h2 class=\"gb-block-post-grid-title\"><a href=\"https:\/\/tenjacht.pl\/blog\/liny-na-jachcie-poznaj-olinowanie-od-a-do-z\/\" rel=\"bookmark\">Liny na jachcie. Poznaj olinowanie od A do Z<\/a><\/h2><div class=\"gb-block-post-grid-byline\"><\/div><\/header><div class=\"gb-block-post-grid-excerpt\"><p>Dla laika to po prostu \u201eliny\u201d. Dla \u017ceglarza to precyzyjny system, w kt\u00f3rym ka\u017cda linka ma swoj\u0105 nazw\u0119 i konkretne zadanie. Zanim wejdziesz na pok\u0142ad Maxusa 34 czy Antili, warto przypomnie\u0107 sobie, co jest do czego! \u2699\ufe0f Olinowanie sta\u0142e (To, co trzyma maszt) Te liny zazwyczaj s\u0105 stalowe i rzadko nimi poruszamy: Stale: Trzymaj\u0105 maszt&hellip;<\/p>\n<\/div><\/div><\/article>\n<article id=\"post-118\" class=\"gb-post-grid-item post-118 post type-post status-publish format-standard has-post-thumbnail category-porady entry\"><div class=\"gb-block-post-grid-image\"><a href=\"https:\/\/tenjacht.pl\/blog\/czarter-jachtu-bez-patentu-na-mazurach-jak-to-dziala-i-ktory-model-wybrac\/\" rel=\"bookmark\" aria-hidden=\"true\" tabindex=\"-1\"><img loading=\"lazy\" decoding=\"async\" width=\"150\" height=\"150\" src=\"https:\/\/tenjacht.pl\/blog\/wp-content\/uploads\/2026\/03\/antila-24.4-na-wodzie-150x150.jpg\" class=\"attachment-thumbnail size-thumbnail\" alt=\"\" srcset=\"https:\/\/tenjacht.pl\/blog\/wp-content\/uploads\/2026\/03\/antila-24.4-na-wodzie-150x150.jpg 150w, https:\/\/tenjacht.pl\/blog\/wp-content\/uploads\/2026\/03\/antila-24.4-na-wodzie-600x600.jpg 600w\" sizes=\"auto, (max-width: 150px) 100vw, 150px\" \/><\/a><\/div><div class=\"gb-block-post-grid-text\"><header class=\"gb-block-post-grid-header\"><h2 class=\"gb-block-post-grid-title\"><a href=\"https:\/\/tenjacht.pl\/blog\/czarter-jachtu-bez-patentu-na-mazurach-jak-to-dziala-i-ktory-model-wybrac\/\" rel=\"bookmark\">Czarter jachtu bez patentu na Mazurach \u2013 jak to dzia\u0142a i kt\u00f3ry model wybra\u0107?<\/a><\/h2><div class=\"gb-block-post-grid-byline\"><\/div><\/header><div class=\"gb-block-post-grid-excerpt\"><p>Czy mo\u017cna wynaj\u0105\u0107 jacht na Mazurach bez patentu? Tak! Dowiedz si\u0119, jakie jachty z floty Tenjacht s\u0105 dost\u0119pne dla os\u00f3b bez uprawnie\u0144. Sprawd\u017a zasady i zarezerwuj Sasank\u0119 660 lub Antil\u0119 24 ju\u017c dzi\u015b!<\/p>\n<\/div><\/div><\/article>\n<article id=\"post-107\" class=\"gb-post-grid-item post-107 post type-post status-publish format-standard has-post-thumbnail category-porady entry\"><div class=\"gb-block-post-grid-image\"><a href=\"https:\/\/tenjacht.pl\/blog\/co-zabrac-na-rejs-jachtem-po-mazurach-kompletna-lista-do-spakowania\/\" rel=\"bookmark\" aria-hidden=\"true\" tabindex=\"-1\"><img loading=\"lazy\" decoding=\"async\" width=\"150\" height=\"150\" src=\"https:\/\/tenjacht.pl\/blog\/wp-content\/uploads\/2026\/03\/IMG_20200808_144717-150x150.jpg\" class=\"attachment-thumbnail size-thumbnail\" alt=\"\" srcset=\"https:\/\/tenjacht.pl\/blog\/wp-content\/uploads\/2026\/03\/IMG_20200808_144717-150x150.jpg 150w, https:\/\/tenjacht.pl\/blog\/wp-content\/uploads\/2026\/03\/IMG_20200808_144717-600x600.jpg 600w\" sizes=\"auto, (max-width: 150px) 100vw, 150px\" \/><\/a><\/div><div class=\"gb-block-post-grid-text\"><header class=\"gb-block-post-grid-header\"><h2 class=\"gb-block-post-grid-title\"><a href=\"https:\/\/tenjacht.pl\/blog\/co-zabrac-na-rejs-jachtem-po-mazurach-kompletna-lista-do-spakowania\/\" rel=\"bookmark\">Co zabra\u0107 na rejs jachtem po Mazurach? Kompletna lista do spakowania<\/a><\/h2><div class=\"gb-block-post-grid-byline\"><\/div><\/header><div class=\"gb-block-post-grid-excerpt\"><p>Co zabra\u0107 na rejs jachtem? Pobierz nasz\u0105 darmow\u0105 checklist\u0119! Sprawd\u017a, co spakowa\u0107 na Mazury, od dokument\u00f3w po odzie\u017c \u017ceglarsk\u0105. Przygotuj si\u0119 na czarter z Tenjacht.<\/p>\n<\/div><\/div><\/article>\n<article id=\"post-104\" class=\"gb-post-grid-item post-104 post type-post status-publish format-standard has-post-thumbnail category-porady entry\"><div class=\"gb-block-post-grid-image\"><a href=\"https:\/\/tenjacht.pl\/blog\/maxus-34-vs-antila-26cc-ktory-jacht-czarterowac-na-mazurach\/\" rel=\"bookmark\" aria-hidden=\"true\" tabindex=\"-1\"><img loading=\"lazy\" decoding=\"async\" width=\"150\" height=\"150\" src=\"https:\/\/tenjacht.pl\/blog\/wp-content\/uploads\/2026\/03\/IMG_7247-150x150.jpeg\" class=\"attachment-thumbnail size-thumbnail\" alt=\"\" srcset=\"https:\/\/tenjacht.pl\/blog\/wp-content\/uploads\/2026\/03\/IMG_7247-150x150.jpeg 150w, https:\/\/tenjacht.pl\/blog\/wp-content\/uploads\/2026\/03\/IMG_7247-600x600.jpeg 600w\" sizes=\"auto, (max-width: 150px) 100vw, 150px\" \/><\/a><\/div><div class=\"gb-block-post-grid-text\"><header class=\"gb-block-post-grid-header\"><h2 class=\"gb-block-post-grid-title\"><a href=\"https:\/\/tenjacht.pl\/blog\/maxus-34-vs-antila-26cc-ktory-jacht-czarterowac-na-mazurach\/\" rel=\"bookmark\">Maxus 34 vs Antila 26cc \u2013 kt\u00f3ry jacht czarterowa\u0107 na Mazurach?<\/a><\/h2><div class=\"gb-block-post-grid-byline\"><\/div><\/header><div class=\"gb-block-post-grid-excerpt\"><p>Maxus 34 czy Antila 26cc? Por\u00f3wnujemy dwa najpopularniejsze jachty na Mazurach. Dowiedz si\u0119, kt\u00f3ry model lepiej sprawdzi si\u0119 dla Twojej za\u0142ogi. Sprawd\u017a opinie i fakty!<\/p>\n<\/div><\/div><\/article>\n<article id=\"post-101\" class=\"gb-post-grid-item post-101 post type-post status-publish format-standard has-post-thumbnail category-porady entry\"><div class=\"gb-block-post-grid-image\"><a href=\"https:\/\/tenjacht.pl\/blog\/jaki-jacht-na-mazury-wybrac-ranking-modeli-2026-dla-kazdego-zeglarza\/\" rel=\"bookmark\" aria-hidden=\"true\" tabindex=\"-1\"><img loading=\"lazy\" decoding=\"async\" width=\"150\" height=\"150\" src=\"https:\/\/tenjacht.pl\/blog\/wp-content\/uploads\/2026\/03\/maxus34-twist-1-150x150.webp\" class=\"attachment-thumbnail size-thumbnail\" alt=\"\" srcset=\"https:\/\/tenjacht.pl\/blog\/wp-content\/uploads\/2026\/03\/maxus34-twist-1-150x150.webp 150w, https:\/\/tenjacht.pl\/blog\/wp-content\/uploads\/2026\/03\/maxus34-twist-1-600x600.webp 600w\" sizes=\"auto, (max-width: 150px) 100vw, 150px\" \/><\/a><\/div><div class=\"gb-block-post-grid-text\"><header class=\"gb-block-post-grid-header\"><h2 class=\"gb-block-post-grid-title\"><a href=\"https:\/\/tenjacht.pl\/blog\/jaki-jacht-na-mazury-wybrac-ranking-modeli-2026-dla-kazdego-zeglarza\/\" rel=\"bookmark\">Jaki jacht na Mazury wybra\u0107? Ranking modeli 2026 dla ka\u017cdego \u017ceglarza<\/a><\/h2><div class=\"gb-block-post-grid-byline\"><\/div><\/header><div class=\"gb-block-post-grid-excerpt\"><p>Nie wiesz, jaki jacht na Mazury wybra\u0107 w 2026 roku? Zobacz nasz ranking! Por\u00f3wnujemy luksusowego Maxusa 34, rodzinn\u0105 Antil\u0119 26cc i zwinn\u0105 Sasank\u0119 660. Wybierz idealn\u0105 jednostk\u0119 na sw\u00f3j rejs!<\/p>\n<\/div><\/div><\/article>\n<\/div><\/section>","protected":false},"excerpt":{"rendered":"<p>TenJacht &#8211; wyszukiwarka jacht\u00f3w do czarteru<\/p>\n","protected":false},"author":1,"featured_media":122,"parent":0,"menu_order":0,"comment_status":"closed","ping_status":"closed","template":"","meta":{"_genesis_hide_title":true,"_genesis_hide_breadcrumbs":true,"_genesis_hide_singular_image":false,"_genesis_hide_footer_widgets":false,"_genesis_custom_body_class":"","_genesis_custom_post_class":"","_genesis_layout":"","footnotes":""},"class_list":{"0":"post-11","1":"page","2":"type-page","3":"status-publish","4":"has-post-thumbnail","6":"entry"},"featured_image_src":"https:\/\/tenjacht.pl\/blog\/wp-content\/uploads\/2026\/03\/background-600x400.png","featured_image_src_square":"https:\/\/tenjacht.pl\/blog\/wp-content\/uploads\/2026\/03\/background-600x540.png","_links":{"self":[{"href":"https:\/\/tenjacht.pl\/blog\/wp-json\/wp\/v2\/pages\/11","targetHints":{"allow":["GET"]}}],"collection":[{"href":"https:\/\/tenjacht.pl\/blog\/wp-json\/wp\/v2\/pages"}],"about":[{"href":"https:\/\/tenjacht.pl\/blog\/wp-json\/wp\/v2\/types\/page"}],"author":[{"embeddable":true,"href":"https:\/\/tenjacht.pl\/blog\/wp-json\/wp\/v2\/users\/1"}],"replies":[{"embeddable":true,"href":"https:\/\/tenjacht.pl\/blog\/wp-json\/wp\/v2\/comments?post=11"}],"version-history":[{"count":4,"href":"https:\/\/tenjacht.pl\/blog\/wp-json\/wp\/v2\/pages\/11\/revisions"}],"predecessor-version":[{"id":124,"href":"https:\/\/tenjacht.pl\/blog\/wp-json\/wp\/v2\/pages\/11\/revisions\/124"}],"wp:featuredmedia":[{"embeddable":true,"href":"https:\/\/tenjacht.pl\/blog\/wp-json\/wp\/v2\/media\/122"}],"wp:attachment":[{"href":"https:\/\/tenjacht.pl\/blog\/wp-json\/wp\/v2\/media?parent=11"}],"curies":[{"name":"wp","href":"https:\/\/api.w.org\/{rel}","templated":true}]}}